Let h = 3 - 6. Let m(t) be the second derivative of -t**7/2520 - t**6/180 - t**5/60 + t**4/6 - 3*t. Let a(k) be the third derivative of m(k). Give a(h).
1
Let j(u) = -2*u**2 + 5*u**2 - 4*u**2 - 6*u + 2*u**2. What is j(5)?
-5
Let p(u) be the third derivative of u**4/24 + 2*u**3 + 19*u**2. Give p(0).
12
Let r(x) = -4 + 6*x - 10*x + 2*x. Determine r(-4).
4
Let p(x) = -2*x - 1. Suppose s - v = 7, 6*v = s + 2*v - 19. Calculate p(s).
-7
Let d(l) = -4*l - l - l. Give d(-1).
6
Let t(s) be the second derivative of -s**3/6 + 2*s**2 - 2*s. Let c(g) = -g**2 + 8*g - 9. Let k be c(6). Give t(k).
1
Let o = 42 + -39. Let i(l) be the second derivative of l**4/12 - l**3/3 + 3*l**2/2 + 2*l. Determine i(o).
6
Let o be 0 + 3*4/6. Suppose -o*j - 2*j = -8. Let z(n) = 1 + 3*n + n**j - n + 0. Determine z(-2).
1
Let u(m) = 5*m**3 - 2*m**2 + 1. Let n be -2 - (0 - 2 - -1). What is u(n)?
-6
Let v(h) be the third derivative of -h**4/24 + 2*h**3 + 7*h**2. Let n be v(12). Let b(x) = -x - 7. Determine b(n).
-7
Let k(s) = 3*s**2 - 2*s + 1. Let u be k(1). Let m(y) = 3*y**2 + 10 + y - 2*y**2 - u + y**3. Let f(j) = -j**3 + 8*j**2 + j - 8. Let b be f(8). What is m(b)?
8
Let r(g) = -3*g - 2. Let c(f) = f**3 + 6*f**2 - 8*f - 7. Let a be c(-7). Suppose 4*z = -a*z. Suppose z = h + h + 4. Determine r(h).
4
Let c(j) = 2*j + 4. Suppose -10 = 5*f + 15. What is c(f)?
-6
Let n(o) = o**2 - o + 1. Let i(k) = 2*k**2 + 2*k + 9. Let w(s) = -s**2 - s - 4. Let v(h) = -2*i(h) - 5*w(h). Let z(b) = 2*n(b) - v(b). Give z(4).
4
Let l(n) = -n**3 + n - 2. Let j be l(-2). Suppose -4*z = j, 3*x - 2*x - 3 = -2*z. Let u(k) = 2 + 3*k - x - 4. Determine u(5).
8
Suppose 3*w - 10 = -4. Let n(t) = -10*t**3 + 9*t**2 + t + 13. Let o(f) = 33 + 3*f**2 + 31 - 60 - 3*f**3. Let p(r) = w*n(r) - 7*o(r). Determine p(2).
-2
Let j(n) = -3*n - 43. Let m(u) = -2*u - 22. Let h(f) = -3*j(f) + 5*m(f). Give h(0).
19
Let l(t) = -t**3 + 3*t**2 + 3*t + 4. Suppose -2*b = -14 - 4. Let h be b/(-3)*4/(-3). Determine l(h).
0
Let z(n) = n - 1. Suppose 0*v - 4 = 4*v. Let t = 4 - v. Give z(t).
4
Let v(u) = 35*u + 6. Let r(t) = 4*t + 1. Let a(x) = -18*r(x) + 2*v(x). Let f(b) = -b**2 + 4*b - 4. Let q be f(4). What is a(q)?
2
Let u = 3 - 0. Let m(o) = -1 - u + 2*o - 1. Calculate m(4).
3
Let g(b) = 0*b**2 + 3 + b**2 + 4*b - 10*b. Let y(q) = -q**3 - 8*q**2 - q + 2. Let n be y(-7). Let d be 6/(-4)*n/15. What is g(d)?
-5
Let c(p) = p**2 + 7*p - 1. Suppose -3*u = 25 - 7. Give c(u).
-7
Let o = 1 + -7. Let u = 4 + -1. Let b(g) = -4*g**3 + 5 + 9*g + 2*g**3 - g + 7*g**2 + u*g**3. Calculate b(o).
-7
Let u(l) = 4*l**2 + 9*l. Let q(o) = o**2 + o + 1. Let v(p) = 5*q(p) - u(p). Give v(4).
5
Let l(h) = 11*h - 15. Let z(g) = -g**2 - 4*g - 5. Let v be z(-4). Let p(f) = 7*f - 10. Let b(j) = v*l(j) + 8*p(j). Suppose 0 = m - 0*m. Give b(m).
-5
Let p = 390 - 240. Let f(y) = p*y**3 + 5*y - 3 + 5*y**2 + 1 - 151*y**3. Give f(6).
-8
Suppose 9*s + 20 = 4*s. Let y(q) be the second derivative of -q**7/2520 - q**6/240 + q**5/40 + q**4/12 - q. Let f(m) be the third derivative of y(m). Give f(s).
-1
Let b(w) = w**3 - 12*w**2 + 11*w + 2. Let t be b(11). Let r(p) = 0 - p**t + 2 - 4. Suppose 5*x + 0*o = -4*o - 14, 5*x + 9 = o. What is r(x)?
-6
Let u(j) = -j + 4. Let b(p) be the first derivative of p**4/4 - 4*p**3/3 + 3*p**2/2 + 4*p + 3. Let w be b(3). Calculate u(w).
0
Let c(i) = -7*i - 11*i - 5*i + 26*i. Give c(-2).
-6
Let u(d) = -d**2 - d + 1. Let n(s) = -s**3 - 6*s**2 - 2. Let q(w) = -n(w) + u(w). Give q(-5).
8
Let d(f) = -4*f - 3. Let q be d(-2). Suppose t + t - 48 = 0. Suppose t + 1 = -q*w. Let r(p) = -p - 2. Determine r(w).
3
Let m(q) = -11*q + 15*q - 1 - q**2 + 0*q. Give m(4).
-1
Let j(d) = d**3 + 5*d**2 - 7*d - 3. Let w(c) = -6*c**2 - 2*c - 2. Let o be w(-1). Calculate j(o).
3
Let i(j) = -j**3 - 15*j**2 + 15*j - 9. Let f be i(-16). Suppose -1 = 4*x + f. Let r(l) = l**3 + 5*l**2 + 2*l - 1. Determine r(x).
7
Let b(q) be the first derivative of q**2/2 + q + 1. Let s(r) = -r**3 + 2*r**2 + 2*r - 1. Let c be s(3). Calculate b(c).
-3
Suppose 2*c - 6 - 5 = -3*q, -2*c + 21 = 5*q. Let o be ((-15)/9)/q*-3. Let d(i) = -5*i. Determine d(o).
-5
Let u be (0 - 2)*-1 + -2. Suppose 2*q + 3 + 1 = 0, u = 5*j + 3*q - 4. Let g(i) be the third derivative of -i**4/6 + i**3/2 - i**2. Give g(j).
-5
Let c be (16/5)/(18/(-45)). Let h(g) = g**2 + 8*g + 9. Give h(c).
9
Let n(t) = 4*t**3 - t - 1. Suppose 0 = 3*u + 10 - 7. Let d be n(u). Let p(w) = -w**2 - 4*w + 4. Determine p(d).
4
Let t(r) be the first derivative of 1/2*r**2 + 8 + 0*r. Calculate t(-6).
-6
Let c(n) be the first derivative of -3*n**2/2 + 5*n + 25. Determine c(5).
-10
Let t(q) = q**2 + 11*q + 11. Let n be t(-10). Let g(z) be the second derivative of z**3/3 - z**2/2 + z. What is g(n)?
1
Let f(q) = 2 + q**3 + 4*q**2 - 1 - 6 + q. Let d(w) = 3*w + 2. Let x be d(-2). Calculate f(x).
-9
Let v be 24/(-32) - 19/(-4). Let i(x) = -x**2 + 1 + 0 - v + 4. Give i(3).
-8
Let w(q) be the second derivative of -q**5/20 - 5*q**4/12 - q**3/3 + 3*q**2/2 - q. Suppose -93*s - 20 = -88*s. Calculate w(s).
-5
Let x(j) = -2*j**3 - 9*j + 1. Let z(u) = u**3 + 4*u - 1. Let f(c) = 3*x(c) + 7*z(c). Determine f(0).
-4
Let f(o) = -6*o**2 + 0 + 2*o**2 + 5*o - 4 + 3*o**2. Calculate f(4).
0
Let s(r) = 3*r**2 + 13*r + 2. Let f(l) = 2*l**2 + 12*l + 1. Let u(m) = -4*f(m) + 3*s(m). What is u(6)?
-16
Let u = 6 + -2. Suppose 0 = -o - 0*w + w - u, -5*w - 16 = 4*o. Let k(n) = -2*n**2 - n. Let m(d) = 7*d**2 + 7*d + 6. Let s(g) = 3*k(g) + m(g). Calculate s(o).
6
Suppose 9*l - 6*l = 6. Let j(b) = -b**2. Let u be j(l). Let x(w) = -2*w - 4. Give x(u).
4
Let d(o) be the second derivative of -o**5/20 + o**4/4 + o**3 - 3*o**2 - 2*o. What is d(4)?
2
Let q(v) = v**2 - 6*v + 4. Suppose 0 = 2*z + 8, -6*z - 117 = -5*l - 3*z. Suppose 5*h - l = 3*j - j, -2*h + 2*j = -12. Let b = h + 1. Calculate q(b).
-4
Let d = 2 + -7. Let y(s) = -s**3 + 4*s**2 - 2*s - 1. Let z be y(3). Let r(w) = -6*w + w + 4*w - z. Determine r(d).
3
Let k(s) = -4*s**2 + 14*s - 5. Let d be k(3). Let z(l) = -l + 1. What is z(d)?
0
Let l(b) = b + 5. Let p be l(-3). Let g be (-2 + 3)/(p/(-10)). Let f(y) = 2 + 0*y + 0 + y. Calculate f(g).
-3
Let c(f) = f**3 - f**2 - 1. Let p be (3/3)/((-2)/(-10)). Suppose -2*i = 2*d - 8, 5*d - 2*d - 12 = -p*i. What is c(i)?
-1
Let j(l) be the first derivative of l**2/2 + 4*l - 3. Let q(x) = -x - 3. Let n(u) = 6*j(u) + 7*q(u). What is n(6)?
-3
Let v(c) = -c**3 + c**2 - 1. Suppose 5*a + 49 = 4*j, 0 = j + j - 3*a - 27. Let x = -6 + 4. Let b be 4/j + x/3. Give v(b).
-1
Let w(h) = h**3 - 4*h**2 + 2*h + 4. Let i(q) = q. Let g be i(5). Suppose -3*p - 5 - 10 = -3*z, g*p = -10. What is w(z)?
1
Let t(a) = -a**2 + 6*a - 6. Suppose 3*j = 20 + 1. Let x = -3 + j. Determine t(x).
2
Let w be -15 + 12 - 2*-4. Let p(g) = g**3 + 17*g**2 - 2*g**3 - 22*g**2 + w. Calculate p(-5).
5
Let k be (5/((-30)/21))/((-2)/4). Let q(t) = -t**3 + 6*t**2 + 8*t. What is q(k)?
7
Suppose 0 = -w + 7 - 0. Let m = -11 + w. Let k(u) = -2*u - 3. Calculate k(m).
5
Let k(q) = q - 9. Suppose -5*i + 35 = -0*i. Let f be k(i). Let c(a) = -5*a - 3. Determine c(f).
7
Let g(p) be the first derivative of p**4/4 + p**2/2 + 11*p + 19. Determine g(0).
11
Let v(q) be the first derivative of -2*q**3/3 - q**2 - q + 1. Let p(x) = x**3 - 9*x**2 + 8*x - 2. Let g be p(8). Give v(g).
-5
Suppose 0 = -5*l + 3*l + 4. Let r(o) be the first derivative of -o**4/6 + o**3/6 + o**2 - 2*o - 4. Let z(g) be the first derivative of r(g). What is z(l)?
-4
Let j(m) = m. Let a(o) = -o**2 - 6*o + 7. Let g(t) = -a(t) - 6*j(t). Give g(0).
-7
Let j(g) be the third derivative of g**6/120 - g**4/24 + g**3 - 18*g**2. Give j(0).
6
Let g(i) = -i**3 + 6*i**2 - i + 5. Let v = 19 - 13. Calculate g(v).
-1
Let k(r) = -4*r**2 + 2*r - 10. Let j be 62/22 - 4/(-22). Let t(l) = 9*l**2 - 3*l + 21. Let b(v) = j*t(v) + 7*k(v). Suppose 2*h = -h + 15. Calculate b(h).
-7
Suppose 2*h = -3*d - 14, 4*h + 20 = -5*d + d. Let l(t) be the first derivative of -1/2*t**4 - t + 0*t**2 - 5 + 1/3*t**3. Give l(h).
2
Suppose -w = 3*n - 17, 28 + 17 = 5*n + 5*w. Let p(b) = -b**3 + 5*b**2 - 3*b + 1. Determine p(n).
5
Suppose 2*p = 5*p - 6. Suppose -6 = c + 5*o, -3*c + 14 = o - p*o. Let r = c - 0. Let n(l) = -l**3 + 3*l**2 + 5. What is n(r)?
-11
Let j(c) = 4*c + 52. Let o(p) = p + 13. Let m(y) = -2*j(y) + 9*o(y). 